 the prime factors of 5918665.
5, 1183733
What are the prime factors of 706417?
706417
List the prime factors of 570315.
3, 5, 193, 197
List the prime factors of 202559.
7, 19, 1523
List the prime factors of 470437.
11, 42767
What are the prime factors of 16760452?
2, 67, 62539
List the prime factors of 191064.
2, 3, 19, 419
List the prime factors of 38504.
2, 4813
List the prime factors of 2411727.
3, 19, 29, 1459
List the prime factors of 153791.
11, 31, 41
What are the prime factors of 590132?
2, 43, 47, 73
What are the prime factors of 3852037?
7, 127, 619
What are the prime factors of 692443?
739, 937
List the prime factors of 798665.
5, 7, 19, 1201
What are the prime factors of 1487795?
5, 19, 15661
List the prime factors of 1237534.
2, 599, 1033
What are the prime factors of 2119949?
13, 313, 521
What are the prime factors of 940398?
2, 3, 156733
List the prime factors of 5065476.
2, 3, 13, 19, 1709
List the prime factors of 1923139.
1923139
What are the prime factors of 62142?
2, 3, 10357
List the prime factors of 9368164.
2, 13, 257, 701
What are the prime factors of 667351?
667351
What are the prime factors of 2854061?
7, 407723
What are the prime factors of 31198740?
2, 3, 5, 17, 73, 419
List the prime factors of 25891896.
2, 3, 29, 37201
What are the prime factors of 420194?
2, 210097
List the prime factors of 528671.
11, 13, 3697
What are the prime factors of 11108?
2, 2777
List the prime factors of 550655.
5, 7, 15733
List the prime factors of 380409.
3, 17, 7459
What are the prime factors of 2532744?
2, 3, 29, 1213
What are the prime factors of 593007?
3, 89, 2221
List the prime factors of 1229700.
2, 3, 5, 4099
What are the prime factors of 3326104?
2, 379, 1097
List the prime factors of 20545795.
5, 1811, 2269
List the prime factors of 687771.
3, 7, 1213
List the prime factors of 1403021.
1403021
List the prime factors of 5742334.
2, 13, 220859
List the prime factors of 202825.
5, 7, 19, 61
What are the prime factors of 590843?
11, 19, 257
List the prime factors of 6586235.
5, 1317247
List the prime factors of 5541006.
2, 3, 923501
What are the prime factors of 2478639?
3, 47, 17579
What are the prime factors of 52977?
3, 17659
List the prime factors of 437221.
409, 1069
List the prime factors of 4187288.
2, 7, 23, 3251
List the prime factors of 424051.
23, 103, 179
What are the prime factors of 8131?
47, 173
List the prime factors of 7803043.
73, 139, 769
What are the prime factors of 533475?
3, 5, 2371
List the prime factors of 1406694.
2, 3, 97, 2417
What are the prime factors of 6265009?
2503
List the prime factors of 1220736.
2, 3, 11, 17
What are the prime factors of 674097?
3, 224699
What are the prime factors of 1906661?
811, 2351
What are the prime factors of 833708?
2, 257, 811
List the prime factors of 5749948.
2, 37, 38851
What are the prime factors of 4596517?
4596517
List the prime factors of 1025814.
2, 3, 17, 89, 113
What are the prime factors of 140421?
3, 46807
List the prime factors of 154563.
3, 51521
What are the prime factors of 18420390?
2, 3, 5, 59, 3469
What are the prime factors of 18877902?
2, 3, 1327, 2371
List the prime factors of 23139598.
2, 1867, 6197
List the prime factors of 436949.
79, 5531
What are the prime factors of 16929716?
2, 937, 4517
List the prime factors of 180007.
180007
List the prime factors of 96779.
96779
What are the prime factors of 882245?
5, 7, 13, 277
List the prime factors of 17991341.
17991341
List the prime factors of 1148992.
2, 13, 1381
What are the prime factors of 823234?
2, 411617
What are the prime factors of 46566?
2, 3, 13, 199
What are the prime factors of 485476?
2, 121369
What are the prime factors of 1251577?
1251577
What are the prime factors of 1889123?
103, 18341
List the prime factors of 16765976.
2, 2095747
List the prime factors of 587329.
523, 1123
List the prime factors of 36248469.
3, 41, 294703
List the prime factors of 6603580.
2, 5, 73, 4523
List the prime factors of 1471290.
2, 3, 5, 49043
What are the prime factors of 2254430?
2, 5, 151, 1493
What are the prime factors of 414171?
3, 17, 2707
List the prime factors of 1107688.
2, 138461
List the prime factors of 962606.
2, 481303
List the prime factors of 539763.
3, 7, 25703
What are the prime factors of 1458392?
2, 13, 37, 379
What are the prime factors of 434134?
2, 131, 1657
List the prime factors of 955608.
2, 3, 29, 1373
What are the prime factors of 8584?
2, 29, 37
What are the prime factors of 1990471?
7, 127, 2239
What are the prime factors of 37752?
2, 3, 11, 13
List the prime factors of 106456.
2, 7, 1901
List the prime factors of 9043897.
73, 229, 541
List the prime factors of 531609.
3, 13, 43, 317
List the prime factors of 35538516.
2, 3, 13, 75937
What are the prime factors of 589374?
2, 3, 137, 239
List the prime factors of 947972.
2, 236993
List the prime factors of 3086525.
5, 13, 9497
List the prime factors of 381467.
381467
What are the prime factors of 237080?
2, 5, 5927
List the prime factors of 447826.
2, 31, 233
What are the prime factors of 5939658?
2, 3, 23, 14347
List the prime factors of 497916.
2, 3, 13831
What are the prime factors of 3681036?
2, 3, 102251
What are the prime factors of 454808?
2, 139, 409
List the prime factors of 1142077.
17, 67181
List the prime factors of 10350475.
5, 414019
List the prime factors of 495328.
2, 23, 673
What are the prime factors of 1555278?
2, 3, 259213
List the prime factors of 127137.
3, 42379
List the prime factors of 330834.
2, 3, 7, 7877
What are the prime factors of 3968342?
2, 7, 137, 2069
What are the prime factors of 4097258?
2, 11, 186239
What are the prime factors of 679401?
3, 25163
What are the prime factors of 3403810?
2, 5, 340381
What are the prime factors of 97115?
5, 19423
What are the prime factors of 1308777?
3, 19, 22961
List the prime factors of 87212.
2, 21803
What are the prime factors of 5164039?
17, 303767
What are the prime factors of 3669976?
2, 458747
List the prime factors of 1169491.
1169491
What are the prime factors of 110124?
2, 3, 7, 19, 23
What are the prime factors of 29036514?
2, 3, 13, 372263
List the prime factors of 218202.
2, 3, 41, 887
List the prime factors of 266387.
11, 61, 397
What are the prime factors of 2778669?
3, 89, 3469
What are the prime factors of 875666?
2, 11, 53, 751
What are the prime factors of 2662793?
7, 19, 20021
What are the prime factors of 1698077?
1698077
What are the prime factors of 1677802?
2, 7, 37, 41, 79
List the prime factors of 15446171.
13, 1188167
List the prime factors of 6468540.
2, 3, 5, 13, 8293
List the prime factors of 29484.
2, 3, 7, 13
What are the prime factors of 393984?
2, 3, 19
List the prime factors of 345378.
2, 3, 11, 5233
List the prime factors of 2197833.
3, 11, 66601
List the prime factors of 1581017.
17, 93001
What are the prime factors of 128739?
3, 13, 3301
List the prime factors of 1240772.
2, 13, 107, 223
What are the prime factors of 6236073?
3, 29, 23893
List the prime factors of 6932069.
139, 49871
What are the prime factors of 338056?
2, 42257
What are the prime factors of 1034943?
3, 7, 13, 17, 223
List the prime factors of 75980.
2, 5, 29, 131
List the prime factors of 298152.
2, 3, 41, 101
What are the prime factors of 8990490?
2, 3, 5, 299683
What are the prime factors of 1435770?
2, 3, 5, 7, 43, 53
List the prime factors of 214134.
2, 3, 89, 401
What are the prime factors of 1158245?
5, 11, 21059
What are the prime factors of 2970240?
2, 3, 5, 7, 13, 17
What are the prime factors of 1559636?
2, 13, 89, 337
What are the prime factors of 207036?
2, 3, 71
List the prime factors of 1659979.
23, 72173
What are the prime factors of 1104509?
7, 22541
List the prime factors of 1289229.
3, 17, 1487
What are the prime factors of 1185230?
2, 5, 29, 61, 67
List the prime factors of 23790656.
2, 127, 2927
List the prime factors of 1762894.
2, 7, 125921
What are the prime factors of 9670289?
131, 73819
List the prime factors of 23822815.
5, 4764563
List the prime factors of 10121928.
2, 3, 29, 14543
List the prime factors of 284678.
2, 37, 3847
What are the prime factors of 3265501?
281, 11621
What are the prime factors of 1751319?
3, 194591
What are the prime factors of 424472?
2, 97, 547
List the prime factors of 3246777.
3, 19,